 5*a + a. Let o(q) = 119*q + 70. Let v(d) = -21*f(d) - 2*o(d). List the prime factors of v(8).
7, 17
Let w(v) = 9686*v**2 - 67*v - 32. What are the prime factors of w(-2)?
2, 19423
Let r = -1155 + 655. What are the prime factors of ((-4)/((-60)/189))/((-30)/r)?
2, 3, 5, 7
Suppose 5*j = -p + 4*p + 332, 0 = 4*j - 2*p - 264. Let u be (126/(-35))/((-6)/80). Let a = j - u. List the prime factors of a.
2
Suppose -2536*s - 414576 = -2572*s. What are the prime factors of s?
2, 2879
Let o(c) = c**3 - 12*c**2 + 26*c - 52. Let f be o(10). Suppose 0 = -2*k - 5*g + 360, -f*k + 4*g = -13*k + 917. What are the prime factors of k?
5, 37
Let y = 222 - 213. What are the prime factors of y/((-18)/(-40))*(-18)/(-8)?
3, 5
Suppose 109*u = -20*u + 858495. What are the prime factors of u?
5, 11
Let w(v) = 7*v**2 - 4*v - 20. Let s be w(8). Suppose 26*c - s = 20*c. List the prime factors of c.
2, 3, 11
Let u(g) = 10*g**2 + 75*g + 443. What are the prime factors of u(-29)?
2, 3, 7, 53
Let w = -310 + 316. List the prime factors of 5 - 8532/(-24)*8/w.
479
Suppose 0 = -4*o - 3*m + 54, 0 = 2*o - m + 4*m - 24. Suppose -r = -2*s + 29, -2*r + o = 2*s - 23. List the prime factors of s.
2
Let h(s) = s**2 - s + 15. Let f be (-2)/5 + 84/(-15). Let y be f*(-3)/6 + 4. List the prime factors of h(y).
3, 19
Let t(j) = 5*j - 4. Let i be t(-29). Let r = -33 - i. Suppose o = -d - o + r, -3*d = -5*o - 359. List the prime factors of d.
2, 59
Let s = 3047 - -31569. List the prime factors of s.
2, 4327
Let y(o) = -64*o**3 - 21*o**2 - 78*o - 467. What are the prime factors of y(-7)?
2, 10501
Suppose 4*h - 51500 = 5*l, -4*h - 25750 = -6*h + 4*l. What are the prime factors of h?
5, 103
Let n(q) be the second derivative of 7*q**3/2 + 835*q**2/2 + 41*q + 4. What are the prime factors of n(0)?
5, 167
Let a be 1335/(-5)*-2 - -3. Let p = a + -325. List the prime factors of p.
2, 53
Let z = 605 - 1454. Let g = 1610 + z. List the prime factors of g.
761
Let w(s) = -3007*s + 3552. List the prime factors of w(-9).
3, 5, 13, 157
Let q(t) = -t**2 + 8. Let c be q(-4). Let u be 2/((9/(-6))/(12/c)). Suppose -410 = -u*k + 190. List the prime factors of k.
2, 3, 5
Suppose 13*l + 5*h - 54155 = 8*l, 4*h + 43284 = 4*l. What are the prime factors of l?
2, 5413
Let i(m) = m**3 + 4*m**2 - 5*m - 5. Let y = 71 - 75. Let t be i(y). Let u = 66 + t. List the prime factors of u.
3
Let x = -386 + 389. Suppose -3*t - 3*i = -2529, 4*i + i + 2513 = x*t. List the prime factors of t.
29
Let j = 25142 + 57307. List the prime factors of j.
3, 9161
Let q(j) = -1078*j**3 + 2*j - 2. What are the prime factors of q(-1)?
2, 3, 179
Suppose 13526 = -56*z + 78598. List the prime factors of z.
2, 7, 83
Let d(n) be the second derivative of -n**3/3 - 2*n**2 - 2*n. Let f be d(-6). Suppose 0 = -f*t - 41 + 113. What are the prime factors of t?
3
Let p = -546 + 544. What are the prime factors of p - 225*(-10)/5?
2, 7
List the prime factors of 147*(-13 - (-671)/33).
2, 7, 11
Let l be (3/18 + (-15)/(-45))*0. Suppose 30*i + 2414 - 11294 = l. List the prime factors of i.
2, 37
Let v = 478 + -317. Let g(j) = 2*j**2 + j - 43. Let r be g(-5). Suppose r*i - f - v = 0, -4*i - 5*f - 410 = -9*i. What are the prime factors of i?
79
Suppose -8364 = -8*m + 25540. List the prime factors of m.
2, 13, 163
What are the prime factors of 10924/(12/7 + 60/210)?
2, 2731
Let i(t) = t**3 + 14*t**2 - 20*t - 24. Let k be i(-13). Let l = 685 - k. What are the prime factors of l?
2, 5, 7
Let m be (-138)/10*5/(-1). Suppose 3*k = 26*k - 2576. Let x = k + m. List the prime factors of x.
181
Let y be 760/6*((-1764)/35)/(-3). Suppose 758 = 6*o - y. List the prime factors of o.
13, 37
Let s(v) = v**3 - 6*v**2 + v + 4. Let o be s(6). Suppose o*n = 1423 + 1367. Suppose 1 + n = 8*m. List the prime factors of m.
5, 7
Let j = 26037 + -13592. What are the prime factors of j?
5, 19, 131
Suppose -5 = 8*n - 9*n. Suppose 5*k = n*l + 10, 3*l + 5 = -1. Suppose 0*b + 367 = 3*r + 5*b, -4*r - 5*b + 486 = k. List the prime factors of r.
7, 17
Let o(b) = -64*b + 4. Let t(l) = 127*l - 7. Let c(v) = -11*o(v) - 6*t(v). Let n be c(-1). Let g = 12 + n. What are the prime factors of g?
2, 17
Let p = 1952 + 6692. What are the prime factors of p?
2, 2161
List the prime factors of 16376/2 + (5 - 629/37).
2, 7, 73
Suppose -2*k + 9280 = 2*f, -27*f + 22*f - 20 = 0. List the prime factors of k.
2, 3, 43
Suppose 3*w = -4*m + 8*m - 32, 3*w + 27 = 3*m. Suppose 1499 = m*a - 311. What are the prime factors of a?
2, 181
Suppose 5*t - 5*j = 3*t + 2818, -4*j = 4*t - 5636. What are the prime factors of t?
1409
Suppose 0*a = -3*a + 564. Suppose -o - 34 = 3*y - 220, 0 = -o - 5*y + a. What are the prime factors of o?
3, 61
Let p(o) = -o**2 + 13*o + 51. Let b be p(16). Suppose k - 27 = -v, 153 = 5*k + b*v - 7*v. List the prime factors of k.
29
Suppose -6*h = 1828 - 8735 - 4757. What are the prime factors of h?
2, 3
Suppose 66*n - 135*n = -56*n - 70031. List the prime factors of n.
5387
Suppose 0 = 8*a + 11561 - 35089. What are the prime factors of a?
17, 173
Let q(b) = -6*b**3 - b**2 - 2*b - 2. Let z be q(-1). Suppose m - 12 = 5*m, 2*t - z*m = 1323. What are the prime factors of t?
2, 3, 109
Let p = 27848 + -14054. What are the prime factors of p?
2, 3, 11, 19
Suppose -3*i - 132 = -4*o, 0 = -2*o - i + 86 - 10. Suppose 747 = o*m - 33*m. List the prime factors of m.
3, 83
Let f(w) = -25*w - 3. Suppose -2*b + 2*t = 4, 0*b - 3*b - 5*t = 22. Let s be b/(-2 + 24/9). What are the prime factors of f(s)?
3, 7
Suppose 4*y + n - 2 = 52, 0 = 2*y + n - 28. Suppose -21*s = -y*s - 352. What are the prime factors of s?
2, 11
Suppose 0 = w + 3*n - 7315, -4*n - 4434 = -w + 2860. List the prime factors of w.
2, 13, 281
Suppose 2*f = 5*c + 156, 2*f - c + 3*c - 142 = 0. Let z = 45 + f. List the prime factors of z.
2, 59
Suppose -2*m + 368 = 7*k - 2*k, 75 = k - m. Suppose -6*z - 4 = -34. What are the prime factors of k + 5/(z/2)?
2, 19
What are the prime factors of (-2)/6*6 - 62*698/(-4)?
29, 373
Let p be ((-1988)/8)/((-1)/2). Suppose 11*v = 2407 + p. Suppose 2*g + 0*g - v = 0. List the prime factors of g.
2, 3, 11
Let q(r) = -6049*r - 64. Let k be q(-7). What are the prime factors of k/(-34)*(-2)/(-9)*-3?
829
Let f = -297 - 254. Let a = f - -797. Suppose 0*h = -6*h + a. List the prime factors of h.
41
Let o(t) = -3*t**3 + 92*t**2 + 27*t + 10. List the prime factors of o(28).
2, 3, 17, 23
Suppose 0 = 2*z - 11*z - 2*a + 373466, 165968 = 4*z + 3*a. List the prime factors of z.
2, 20749
Suppose -106*y + 687201 = -149563. What are the prime factors of y?
2, 3947
Suppose -578825 + 206143 = -5*a - 3*c, -5*a + c = -372686. What are the prime factors of a?
19, 3923
Suppose -3*s = -5*n + 750, 6*n = 5*s + 2*n + 1237. Suppose -5*i + 12 = -3. What are the prime factors of 2 + i/((-15)/s)?
3, 17
Suppose -a + 16 = 36*z - 32*z, -4*a = 4*z - 28. Suppose 0 = z*t - d - d - 3622, -3*t + d + 3617 = 0. List the prime factors of t.
2, 7, 43
Let v(z) = z**3 + 6*z**2 - 11*z - 27. Let c be v(-7). What are the prime factors of 6477/(-34)*-6*c?
3, 127
Let k = -89 - -107. Let f(h) = 6*h + 67. What are the prime factors of f(k)?
5, 7
Let x(j) = 0 - 5 - 11*j + 0*j. Let b be (-22)/(-275)*-5*170/4. What are the prime factors of x(b)?
2, 7, 13
Let a be 16/3*21/(-7). Let l = a - -28. What are the prime factors of 3/l*4*57?
3, 19
List the prime factors of (-2)/(-3) - 4442416/(-516).
2, 3, 5, 7, 41
Let s be 2/(-6) + 40/12. Let k be 1/((2 - 5)/s). List the prime factors of k*(-6 - -3) + 100.
103
Suppose -1125 = -11*p + 1196. List the prime factors of (p - -5)*(-4)/(48/(-15)).
2, 3, 5
List the prime factors of 2*14/(-4) + (62449 + 0)/1.
2, 3, 3469
Suppose -13*t + 36448 + 15973 = -49889. List the prime factors of t.
2, 5, 787
Let b = -14 + 17. Let u be -3*(-1)/b + -3. List the prime factors of 1 + -1 - 354/u.
3, 59
Let u = -6790 - -52159. What are the prime factors of u?
3, 71
Let p be (-2)/(-1) - -74 - 0. Let z(y) = y**2 - 26*y - 549. Let u be z(-17). Let i = u - p. List the prime factors of i.
2, 53
Suppose h + a - 14 = -4*h, -3*h + 5*a - 14 = 0. Suppose 138 = -4*j - 2*p, 3*p = h*j + 67 + 6. Let o = j + 153. What are the prime factors of o?
2, 59
Let c = 63 + -118. Let j = c - -66. List the prime factors of (-1382)/(-22) - ((-2)/j + 0).
3, 7
Let j(a) = 47*a - 64. Let s be 